he highest common factor of 64 and 504?
8
What is the greatest common divisor of 212 and 24?
4
What is the highest common factor of 99 and 3795?
33
What is the highest common divisor of 1328 and 1494?
166
What is the highest common divisor of 153 and 27?
9
Calculate the greatest common divisor of 220 and 240.
20
Calculate the highest common factor of 592 and 16.
16
What is the highest common divisor of 1224 and 136?
136
Calculate the highest common divisor of 1806 and 28.
14
What is the greatest common divisor of 581 and 7?
7
What is the greatest common divisor of 76 and 112?
4
Calculate the greatest common factor of 666 and 148.
74
What is the highest common factor of 60 and 510?
30
What is the highest common divisor of 10203 and 57?
57
Calculate the highest common factor of 24 and 300.
12
What is the greatest common factor of 102 and 4374?
6
What is the greatest common factor of 286 and 26?
26
What is the highest common divisor of 201 and 6231?
201
Calculate the greatest common factor of 124 and 10.
2
What is the greatest common divisor of 335 and 67?
67
What is the highest common factor of 87 and 12528?
87
What is the highest common factor of 79 and 7979?
79
Calculate the highest common factor of 10 and 215.
5
What is the greatest common factor of 14 and 9674?
14
What is the greatest common divisor of 39 and 39?
39
Calculate the highest common divisor of 400 and 320.
80
What is the greatest common factor of 70 and 110?
10
Calculate the highest common divisor of 3699 and 27.
27
What is the greatest common divisor of 41 and 2009?
41
What is the greatest common factor of 60 and 750?
30
Calculate the greatest common factor of 518 and 238.
14
Calculate the greatest common factor of 60 and 228.
12
What is the greatest common factor of 88 and 4312?
88
What is the greatest common divisor of 9284 and 88?
44
Calculate the greatest common divisor of 133 and 456.
19
What is the highest common divisor of 58 and 1073?
29
What is the highest common divisor of 616 and 88?
88
Calculate the highest common factor of 6251 and 798.
133
What is the highest common divisor of 116 and 261?
29
Calculate the highest common factor of 2288 and 1936.
176
Calculate the highest common divisor of 28 and 21.
7
Calculate the highest common divisor of 897 and 207.
69
What is the highest common factor of 50 and 1150?
50
Calculate the greatest common factor of 2940 and 60.
60
What is the highest common divisor of 150 and 1150?
50
Calculate the highest common divisor of 15 and 1245.
15
Calculate the greatest common divisor of 875 and 1375.
125
Calculate the highest common divisor of 1316 and 28.
28
Calculate the highest common divisor of 36 and 153.
9
Calculate the greatest common divisor of 17760 and 128.
32
Calculate the greatest common divisor of 891 and 473.
11
What is the greatest common divisor of 300 and 1140?
60
Calculate the highest common divisor of 10 and 18630.
10
What is the greatest common divisor of 360 and 585?
45
What is the highest common factor of 2071 and 19?
19
What is the highest common factor of 437 and 138?
23
Calculate the greatest common divisor of 1199 and 22.
11
Calculate the greatest common divisor of 15 and 795.
15
What is the highest common divisor of 10 and 50?
10
What is the greatest common factor of 100 and 180?
20
What is the greatest common factor of 14 and 2744?
14
Calculate the highest common divisor of 682 and 110.
22
Calculate the highest common factor of 2747 and 328.
41
Calculate the greatest common factor of 4961 and 369.
41
What is the highest common divisor of 950 and 100?
50
What is the greatest common divisor of 728 and 9828?
364
What is the highest common factor of 315 and 735?
105
What is the highest common factor of 325 and 260?
65
What is the greatest common factor of 6 and 1662?
6
What is the greatest common factor of 52 and 962?
26
Calculate the greatest common divisor of 756 and 84.
84
What is the highest common divisor of 1090 and 10?
10
What is the greatest common divisor of 12 and 3?
3
What is the highest common divisor of 53 and 5?
1
Calculate the highest common divisor of 41 and 2009.
41
What is the highest common factor of 2057 and 17?
17
What is the highest common factor of 82 and 4223?
41
Calculate the highest common divisor of 133 and 42.
7
What is the highest common divisor of 2 and 290?
2
Calculate the greatest common divisor of 429 and 759.
33
What is the greatest common factor of 204 and 5151?
51
Calculate the greatest common factor of 396 and 84.
12
Calculate the highest common divisor of 33 and 33.
33
What is the highest common divisor of 1343 and 948?
79
Calculate the greatest common divisor of 1140 and 420.
60
What is the highest common divisor of 49 and 3976?
7
What is the highest common divisor of 72 and 792?
72
Calculate the greatest common divisor of 464 and 87.
29
What is the greatest common divisor of 14 and 7350?
14
Calculate the greatest common factor of 23 and 23.
23
Calculate the greatest common factor of 212 and 4.
4
What is the highest common factor of 3 and 23?
1
Calculate the greatest common factor of 65637 and 11.
11
What is the highest common factor of 108 and 30780?
108
What is the greatest common divisor of 5028 and 36?
12
Calculate the highest common divisor of 209 and 187.
11
Calculate the highest common divisor of 30 and 170.
10
Calculate the greatest common divisor of 294 and 6.
6
Calculate the highest common divisor of 414 and 322.
46
What is the highest common factor of 33768 and 134?
134
Calculate the highest common factor of 12 and 3468.
12
What is the highest common divisor of 94 and 4?
2
What is the greatest common factor of 2556 and 324?
36
Calculate the highest common factor of 272 and 112.
16
What is the greatest common divisor of 4301 and 2277?
253
Calculate the greatest common factor of 6557 and 79.
79
What is the greatest common divisor of 132 and 1276?
44
What is the greatest common divisor of 176 and 4840?
88
Calculate the greatest common divisor of 27 and 207.
9
What is the highest common divisor of 7 and 8?
1
What is the highest common divisor of 13 and 161?
1
Calculate the greatest common factor of 3 and 67.
1
Calculate the greatest common factor of 1536 and 8.
8
What is the greatest common factor of 35 and 217?
7
Calculate the greatest common factor of 6 and 579.
3
What is the greatest common divisor of 13 and 5330?
13
Calculate the greatest common factor of 39 and 156.
39
What is the highest common factor of 188 and 4?
4
What is the greatest common factor of 2032 and 112?
16
Calculate the highest common factor of 1551 and 423.
141
Calculate the greatest common divisor of 675 and 50.
25
What is the highest common factor of 8149 and 29?
29
Calculate the highest common factor of 152 and 3116.
76
Calculate the greatest common divisor of 10 and 30.
10
What is the highest common factor of 27 and 216?
27
Calculate the greatest common divisor of 1744 and 24.
8
Calculate the greatest common factor of 7020 and 36.
36
What is the highest common divisor of 318 and 12?
6
What is the greatest common divisor of 116 and 493?
29
What is the greatest common factor of 1638 and 2002?
182
Calculate the greatest common factor of 430 and 774.
86
Calculate the highest common divisor of 32628 and 12.
12
Calculate the greatest common factor of 26260 and 260.
260
Calculate the highest common factor of 2 and 1153.
1
What is the greatest common divisor of 6 and 201?
3
Calculate the greatest common divisor of 16 and 7664.
16
What is the greatest common divisor of 12 and 564?
12
Calculate the highest common factor of 830 and 20.
10
What is the greatest common factor of 264 and 462?
66
Calculate the greatest common factor of 1323 and 1127.
49
What is the highest common factor of 62228 and 188?
188
Calculate the greatest common divisor of 207 and 115.
23
What is the greatest common divisor of 396 and 576?
36
What is the highest common factor of 40 and 280?
40
What is the greatest common divisor of 63 and 175?
7
Calculate the greatest common divisor of 126 and 54.
18
What is the highest common factor of 72 and 180?
36
What is the highest common factor of 6 and 894?
6
What is the highest common divisor of 25 and 175?
25
What is the highest common factor of 9 and 2097?
9
Calculate the highest common